{"id":318,"date":"2024-09-24T11:03:37","date_gmt":"2024-09-24T09:03:37","guid":{"rendered":"https:\/\/apparthotel-reims-artdeco.com\/?page_id=318"},"modified":"2024-09-24T11:03:37","modified_gmt":"2024-09-24T09:03:37","slug":"jacuzzi-ou-balneo","status":"publish","type":"page","link":"https:\/\/apparthotel-reims-artdeco.com\/?page_id=318","title":{"rendered":"Jacuzzi ou Baln\u00e9o ?"},"content":{"rendered":"<h3>Diff\u00e9rence entre un Jacuzzi et une Baignoire Baln\u00e9o<\/h3>\n<p>Nous proposons les 2 types d&rsquo;\u00e9quipements : Jacuzzi (<a href=\"https:\/\/apparthotel-reims-artdeco.com\/?page_id=158\">Art D\u00e9co Gare &amp; Spa<\/a>, <a href=\"https:\/\/apparthotel-reims-artdeco.com\/?page_id=256\">Art D\u00e9co Lesage &amp; Spa<\/a>) et Baignoire Baln\u00e9o (<a href=\"https:\/\/apparthotel-reims-artdeco.com\/?page_id=45\">Art D\u00e9co Champagne &amp; Spa<\/a>)<\/p>\n<p>Lorsqu&rsquo;il s&rsquo;agit de d\u00e9tente et de bien-\u00eatre \u00e0 domicile, deux termes sont souvent utilis\u00e9s de mani\u00e8re interchangeable : <strong>Jacuzzi<\/strong> et <strong>baignoire baln\u00e9o<\/strong>. Pourtant, ces \u00e9quipements pr\u00e9sentent des diff\u00e9rences notables en termes de conception, d&rsquo;usage et de fonction. Voici un \u00e9clairage sur ce qui les distingue.<\/p>\n<h4>1. <strong>Origine des termes<\/strong><\/h4>\n<p>Le terme <strong>Jacuzzi<\/strong> est en r\u00e9alit\u00e9 une <strong>marque commerciale<\/strong>. Cr\u00e9\u00e9e par la famille italienne du m\u00eame nom dans les ann\u00e9es 1950, la marque Jacuzzi a d\u00e9velopp\u00e9 l&rsquo;un des premiers syst\u00e8mes de bains \u00e0 remous, popularisant ce type de bain relaxant. Ainsi, \u00ab\u00a0Jacuzzi\u00a0\u00bb est devenu synonyme de spa ou de bain \u00e0 remous, mais il d\u00e9signe initialement un produit sp\u00e9cifique.<\/p>\n<p>En revanche, une <strong>baignoire baln\u00e9o<\/strong> fait r\u00e9f\u00e9rence \u00e0 une baignoire \u00e9quip\u00e9e d&rsquo;un syst\u00e8me de <strong>jets massants<\/strong>, qui peut \u00eatre fabriqu\u00e9e par diff\u00e9rentes marques. \u00ab\u00a0Baln\u00e9o\u00a0\u00bb est d\u00e9riv\u00e9 du mot \u00ab\u00a0baln\u00e9oth\u00e9rapie\u00a0\u00bb, qui signifie litt\u00e9ralement <strong>th\u00e9rapie par les bains<\/strong>.<\/p>\n<h4>2. <strong>Conception et installation<\/strong><\/h4>\n<ul>\n<li><strong>Jacuzzi (ou spa)<\/strong> : Il s&rsquo;agit g\u00e9n\u00e9ralement d&rsquo;un <strong>bassin<\/strong> plus grand qu&rsquo;une baignoire, con\u00e7u pour accueillir plusieurs personnes, souvent install\u00e9 \u00e0 l&rsquo;ext\u00e9rieur, bien qu&rsquo;il puisse aussi \u00eatre install\u00e9 en int\u00e9rieur. Le Jacuzzi est autonome, souvent install\u00e9 au sol ou dans un espace d\u00e9di\u00e9.<\/li>\n<li><strong>Baignoire baln\u00e9o<\/strong> : Elle est <strong>plus petite<\/strong> et con\u00e7ue pour \u00eatre utilis\u00e9e \u00e0 l&rsquo;int\u00e9rieur d&rsquo;une salle de bain comme une baignoire classique. Son installation est semblable \u00e0 celle d&rsquo;une baignoire standard, sauf qu&rsquo;elle est \u00e9quip\u00e9e de jets hydromassants int\u00e9gr\u00e9s.<\/li>\n<\/ul>\n<h4>3. <strong>Fonctionnalit\u00e9<\/strong><\/h4>\n<ul>\n<li><strong>Jacuzzi<\/strong> : Il est con\u00e7u pour offrir une <strong>exp\u00e9rience collective<\/strong> et conviviale, avec une eau chauff\u00e9e en continu (temp\u00e9rature r\u00e9glable), et il peut \u00eatre utilis\u00e9 pendant des heures (sessions de 30 min max conseill\u00e9es) Les jets d&rsquo;eau sont souvent plus puissants et plus nombreux, offrant un <strong>massage corporel intense<\/strong> et complet.<\/li>\n<li><strong>Baignoire baln\u00e9o<\/strong> : Cette derni\u00e8re est destin\u00e9e \u00e0 un usage individuel ou pour deux personnes maximum. L&rsquo;eau n&rsquo;est pas chauff\u00e9e en continu comme dans un Jacuzzi, elle est remplie pour chaque utilisation. Les jets massants sont localis\u00e9s et offrent un massage plus cibl\u00e9, en fonction du mod\u00e8le choisi.<\/li>\n<\/ul>\n<h4>4. <strong>B\u00e9n\u00e9fices pour la sant\u00e9<\/strong><\/h4>\n<p>Les deux \u00e9quipements favorisent le <strong>rel\u00e2chement musculaire<\/strong>, am\u00e9liorent la <strong>circulation sanguine<\/strong>, et permettent de r\u00e9duire le stress. Cependant, en raison de sa taille et de ses fonctionnalit\u00e9s avanc\u00e9es, le Jacuzzi est souvent consid\u00e9r\u00e9 comme un \u00e9quipement de <strong>relaxation collective<\/strong> o\u00f9 la convivialit\u00e9 joue un r\u00f4le important, tandis que la baignoire baln\u00e9o est plus adapt\u00e9e \u00e0 une utilisation <strong>individuelle<\/strong> pour un moment de d\u00e9tente plus intime.<\/p>\n<h4>5. <strong>Prix et entretien<\/strong><\/h4>\n<ul>\n<li><strong>Jacuzzi<\/strong> : En raison de sa taille et de ses \u00e9quipements, un Jacuzzi co\u00fbte g\u00e9n\u00e9ralement plus cher \u00e0 l&rsquo;achat et \u00e0 l&rsquo;installation. De plus, il n\u00e9cessite un <strong>entretien r\u00e9gulier<\/strong> (nettoyage, traitement de l&rsquo;eau, maintenance des jets) et consomme plus d&rsquo;\u00e9nergie \u00e0 cause du chauffage constant de l&rsquo;eau.<\/li>\n<li><strong>Baignoire baln\u00e9o<\/strong> : Elle est souvent plus abordable et n\u00e9cessite <strong>moins d&rsquo;entretien<\/strong>, bien qu&rsquo;un nettoyage r\u00e9gulier des jets soit recommand\u00e9. Sa consommation d&rsquo;\u00e9nergie est moindre puisqu\u2019elle n&rsquo;a pas de syst\u00e8me de maintien de temp\u00e9rature permanent.<\/li>\n<\/ul>\n<h4>6. <strong>Usage<\/strong><\/h4>\n<ul>\n<li><strong>Jacuzzi<\/strong> : Il est souvent utilis\u00e9 pour des <strong>r\u00e9unions sociales<\/strong>, en famille ou entre amis, \u00e0 l&rsquo;ext\u00e9rieur comme \u00e0 l&rsquo;int\u00e9rieur ou dans un espace d\u00e9di\u00e9. C&rsquo;est un choix id\u00e9al pour ceux qui cherchent une exp\u00e9rience immersive et prolong\u00e9e de d\u00e9tente.<\/li>\n<li><strong>Baignoire baln\u00e9o<\/strong> : Son utilisation est g\u00e9n\u00e9ralement <strong>plus personnelle<\/strong> et ax\u00e9e sur le confort individuel \u00e0 domicile. Elle permet une relaxation rapide et intime, id\u00e9ale pour un bain quotidien ou apr\u00e8s une journ\u00e9e fatigante.<\/li>\n<\/ul>\n<h4>Conclusion<\/h4>\n<p>En r\u00e9sum\u00e9, un Jacuzzi est un spa de plus grande taille, con\u00e7u pour une exp\u00e9rience de relaxation collective, souvent install\u00e9 \u00e0 l&rsquo;ext\u00e9rieur, tandis qu&rsquo;une baignoire baln\u00e9o est une option plus compacte, int\u00e9rieure, et adapt\u00e9e \u00e0 une utilisation individuelle. Le choix entre les deux d\u00e9pend principalement de l&rsquo;espace disponible, du budget et des attentes en mati\u00e8re de d\u00e9tente.<\/p>\n","protected":false},"excerpt":{"rendered":"<p>Diff\u00e9rence entre un Jacuzzi et une Baignoire Baln\u00e9o Nous proposons les 2 types d&rsquo;\u00e9quipements : Jacuzzi (Art D\u00e9co Gare &amp; Spa, Art D\u00e9co Lesage &amp; Spa) et Baignoire Baln\u00e9o (Art D\u00e9co Champagne &amp; Spa) Lorsqu&rsquo;il s&rsquo;agit de d\u00e9tente et de bien-\u00eatre \u00e0 domicile, deux termes sont souvent utilis\u00e9s de mani\u00e8re interchangeable : Jacuzzi et baignoire [&hellip;]<\/p>\n","protected":false},"author":1,"featured_media":0,"parent":0,"menu_order":0,"comment_status":"closed","ping_status":"closed","template":"","meta":{"footnotes":""},"class_list":["post-318","page","type-page","status-publish","hentry","post-preview"],"yoast_head":"<!-- This site is optimized with the Yoast SEO plugin v23.5 - https:\/\/yoast.com\/wordpress\/plugins\/seo\/ -->\n<title>Jacuzzi ou Baln\u00e9o ? - Apparth\u00f4tel-reims-artdeco<\/title>\n<meta name=\"description\" content=\"Jacuzzi = marque commerciale qui signifie spa ou bains \u00e0 remous. Baignoire baln\u00e9oth\u00e9rapie = baignoire avec jets massants qui signifie th\u00e9rapie par les bains.\" \/>\n<meta name=\"robots\" content=\"index, follow, max-snippet:-1, max-image-preview:large, max-video-preview:-1\" \/>\n<link rel=\"canonical\" href=\"http:\/\/apparthotel-reims-artdeco.com\/?page_id=318\" \/>\n<meta property=\"og:locale\" content=\"fr_FR\" \/>\n<meta property=\"og:type\" content=\"article\" \/>\n<meta property=\"og:title\" content=\"Jacuzzi ou Baln\u00e9o ? - Apparth\u00f4tel-reims-artdeco\" \/>\n<meta property=\"og:description\" content=\"Jacuzzi = marque commerciale qui signifie spa ou bains \u00e0 remous. Baignoire baln\u00e9oth\u00e9rapie = baignoire avec jets massants qui signifie th\u00e9rapie par les bains.\" \/>\n<meta property=\"og:url\" content=\"http:\/\/apparthotel-reims-artdeco.com\/?page_id=318\" \/>\n<meta property=\"og:site_name\" content=\"Apparth\u00f4tel-reims-artdeco\" \/>\n<meta name=\"twitter:card\" content=\"summary_large_image\" \/>\n<meta name=\"twitter:label1\" content=\"Dur\u00e9e de lecture estim\u00e9e\" \/>\n\t<meta name=\"twitter:data1\" content=\"4 minutes\" \/>\n<script type=\"application\/ld+json\" class=\"yoast-schema-graph\">{\"@context\":\"https:\/\/schema.org\",\"@graph\":[{\"@type\":\"WebPage\",\"@id\":\"http:\/\/apparthotel-reims-artdeco.com\/?page_id=318\",\"url\":\"http:\/\/apparthotel-reims-artdeco.com\/?page_id=318\",\"name\":\"Jacuzzi ou Baln\u00e9o ? - Apparth\u00f4tel-reims-artdeco\",\"isPartOf\":{\"@id\":\"https:\/\/apparthotel-reims-artdeco.com\/#website\"},\"datePublished\":\"2024-09-24T09:03:37+00:00\",\"dateModified\":\"2024-09-24T09:03:37+00:00\",\"description\":\"Jacuzzi = marque commerciale qui signifie spa ou bains \u00e0 remous. Baignoire baln\u00e9oth\u00e9rapie = baignoire avec jets massants qui signifie th\u00e9rapie par les bains.\",\"breadcrumb\":{\"@id\":\"http:\/\/apparthotel-reims-artdeco.com\/?page_id=318#breadcrumb\"},\"inLanguage\":\"fr-FR\",\"potentialAction\":[{\"@type\":\"ReadAction\",\"target\":[\"http:\/\/apparthotel-reims-artdeco.com\/?page_id=318\"]}]},{\"@type\":\"BreadcrumbList\",\"@id\":\"http:\/\/apparthotel-reims-artdeco.com\/?page_id=318#breadcrumb\",\"itemListElement\":[{\"@type\":\"ListItem\",\"position\":1,\"name\":\"Accueil\",\"item\":\"https:\/\/apparthotel-reims-artdeco.com\/\"},{\"@type\":\"ListItem\",\"position\":2,\"name\":\"Jacuzzi ou Baln\u00e9o ?\"}]},{\"@type\":\"WebSite\",\"@id\":\"https:\/\/apparthotel-reims-artdeco.com\/#website\",\"url\":\"https:\/\/apparthotel-reims-artdeco.com\/\",\"name\":\"Apparth\u00f4tel-reims-artdeco\",\"description\":\"Une exp\u00e9rience unique pour vos s\u00e9jours \u00e0 reims\",\"potentialAction\":[{\"@type\":\"SearchAction\",\"target\":{\"@type\":\"EntryPoint\",\"urlTemplate\":\"https:\/\/apparthotel-reims-artdeco.com\/?s={search_term_string}\"},\"query-input\":{\"@type\":\"PropertyValueSpecification\",\"valueRequired\":true,\"valueName\":\"search_term_string\"}}],\"inLanguage\":\"fr-FR\"}]}<\/script>\n<!-- \/ Yoast SEO plugin. -->","yoast_head_json":{"title":"Jacuzzi ou Baln\u00e9o ? - Apparth\u00f4tel-reims-artdeco","description":"Jacuzzi = marque commerciale qui signifie spa ou bains \u00e0 remous. Baignoire baln\u00e9oth\u00e9rapie = baignoire avec jets massants qui signifie th\u00e9rapie par les bains.","robots":{"index":"index","follow":"follow","max-snippet":"max-snippet:-1","max-image-preview":"max-image-preview:large","max-video-preview":"max-video-preview:-1"},"canonical":"http:\/\/apparthotel-reims-artdeco.com\/?page_id=318","og_locale":"fr_FR","og_type":"article","og_title":"Jacuzzi ou Baln\u00e9o ? - Apparth\u00f4tel-reims-artdeco","og_description":"Jacuzzi = marque commerciale qui signifie spa ou bains \u00e0 remous. Baignoire baln\u00e9oth\u00e9rapie = baignoire avec jets massants qui signifie th\u00e9rapie par les bains.","og_url":"http:\/\/apparthotel-reims-artdeco.com\/?page_id=318","og_site_name":"Apparth\u00f4tel-reims-artdeco","twitter_card":"summary_large_image","twitter_misc":{"Dur\u00e9e de lecture estim\u00e9e":"4 minutes"},"schema":{"@context":"https:\/\/schema.org","@graph":[{"@type":"WebPage","@id":"http:\/\/apparthotel-reims-artdeco.com\/?page_id=318","url":"http:\/\/apparthotel-reims-artdeco.com\/?page_id=318","name":"Jacuzzi ou Baln\u00e9o ? - Apparth\u00f4tel-reims-artdeco","isPartOf":{"@id":"https:\/\/apparthotel-reims-artdeco.com\/#website"},"datePublished":"2024-09-24T09:03:37+00:00","dateModified":"2024-09-24T09:03:37+00:00","description":"Jacuzzi = marque commerciale qui signifie spa ou bains \u00e0 remous. Baignoire baln\u00e9oth\u00e9rapie = baignoire avec jets massants qui signifie th\u00e9rapie par les bains.","breadcrumb":{"@id":"http:\/\/apparthotel-reims-artdeco.com\/?page_id=318#breadcrumb"},"inLanguage":"fr-FR","potentialAction":[{"@type":"ReadAction","target":["http:\/\/apparthotel-reims-artdeco.com\/?page_id=318"]}]},{"@type":"BreadcrumbList","@id":"http:\/\/apparthotel-reims-artdeco.com\/?page_id=318#breadcrumb","itemListElement":[{"@type":"ListItem","position":1,"name":"Accueil","item":"https:\/\/apparthotel-reims-artdeco.com\/"},{"@type":"ListItem","position":2,"name":"Jacuzzi ou Baln\u00e9o ?"}]},{"@type":"WebSite","@id":"https:\/\/apparthotel-reims-artdeco.com\/#website","url":"https:\/\/apparthotel-reims-artdeco.com\/","name":"Apparth\u00f4tel-reims-artdeco","description":"Une exp\u00e9rience unique pour vos s\u00e9jours \u00e0 reims","potentialAction":[{"@type":"SearchAction","target":{"@type":"EntryPoint","urlTemplate":"https:\/\/apparthotel-reims-artdeco.com\/?s={search_term_string}"},"query-input":{"@type":"PropertyValueSpecification","valueRequired":true,"valueName":"search_term_string"}}],"inLanguage":"fr-FR"}]}},"_links":{"self":[{"href":"https:\/\/apparthotel-reims-artdeco.com\/index.php?rest_route=\/wp\/v2\/pages\/318","targetHints":{"allow":["GET"]}}],"collection":[{"href":"https:\/\/apparthotel-reims-artdeco.com\/index.php?rest_route=\/wp\/v2\/pages"}],"about":[{"href":"https:\/\/apparthotel-reims-artdeco.com\/index.php?rest_route=\/wp\/v2\/types\/page"}],"author":[{"embeddable":true,"href":"https:\/\/apparthotel-reims-artdeco.com\/index.php?rest_route=\/wp\/v2\/users\/1"}],"replies":[{"embeddable":true,"href":"https:\/\/apparthotel-reims-artdeco.com\/index.php?rest_route=%2Fwp%2Fv2%2Fcomments&post=318"}],"version-history":[{"count":2,"href":"https:\/\/apparthotel-reims-artdeco.com\/index.php?rest_route=\/wp\/v2\/pages\/318\/revisions"}],"predecessor-version":[{"id":320,"href":"https:\/\/apparthotel-reims-artdeco.com\/index.php?rest_route=\/wp\/v2\/pages\/318\/revisions\/320"}],"wp:attachment":[{"href":"https:\/\/apparthotel-reims-artdeco.com\/index.php?rest_route=%2Fwp%2Fv2%2Fmedia&parent=318"}],"curies":[{"name":"wp","href":"https:\/\/api.w.org\/{rel}","templated":true}]}}